late the highest common factor of 52 and 442.
26
Calculate the highest common factor of 1 and 31.
1
Calculate the highest common divisor of 6 and 8994.
6
What is the highest common divisor of 3072 and 96?
96
Calculate the highest common factor of 119 and 56.
7
What is the highest common divisor of 450 and 550?
50
Calculate the greatest common factor of 1054 and 62.
62
Calculate the greatest common divisor of 1220 and 7198.
122
What is the greatest common factor of 840 and 5?
5
Calculate the greatest common divisor of 3894 and 264.
66
What is the greatest common divisor of 97 and 15811?
97
What is the highest common factor of 11 and 253?
11
Calculate the highest common factor of 253 and 143.
11
What is the greatest common factor of 1162 and 154?
14
What is the greatest common divisor of 150 and 7875?
75
Calculate the greatest common divisor of 171 and 19.
19
What is the highest common factor of 126 and 1827?
63
What is the highest common factor of 4588 and 992?
124
What is the greatest common divisor of 2 and 178?
2
What is the greatest common divisor of 3991 and 26?
13
Calculate the highest common factor of 126 and 490.
14
What is the greatest common divisor of 608 and 8056?
152
What is the greatest common divisor of 805 and 1035?
115
What is the highest common divisor of 297 and 3?
3
What is the highest common factor of 8618 and 62?
62
Calculate the greatest common divisor of 3 and 15.
3
What is the highest common divisor of 360 and 1035?
45
What is the greatest common factor of 4188 and 36?
12
Calculate the highest common factor of 83 and 3.
1
Calculate the greatest common divisor of 145 and 29.
29
What is the highest common divisor of 14 and 322?
14
What is the greatest common factor of 172 and 129?
43
Calculate the greatest common factor of 55 and 7315.
55
Calculate the greatest common divisor of 7245 and 138.
69
Calculate the greatest common divisor of 5244 and 684.
228
Calculate the highest common factor of 182 and 4.
2
What is the highest common factor of 24 and 109?
1
Calculate the greatest common factor of 8085 and 49.
49
What is the greatest common divisor of 20 and 60?
20
What is the highest common divisor of 82 and 164?
82
What is the greatest common factor of 28 and 12292?
28
What is the highest common divisor of 130 and 280?
10
Calculate the greatest common divisor of 154 and 266.
14
What is the greatest common divisor of 112 and 140?
28
What is the highest common factor of 1218 and 12?
6
What is the greatest common factor of 3 and 58?
1
What is the highest common factor of 3474 and 6?
6
What is the highest common factor of 5 and 715?
5
What is the highest common factor of 210 and 140?
70
Calculate the highest common divisor of 4067 and 830.
83
What is the highest common factor of 3 and 1536?
3
Calculate the highest common divisor of 128 and 24.
8
Calculate the highest common divisor of 2034 and 8475.
339
What is the greatest common factor of 530 and 10?
10
Calculate the greatest common divisor of 8985 and 15.
15
What is the greatest common divisor of 20 and 44?
4
Calculate the greatest common divisor of 492 and 861.
123
What is the highest common divisor of 13 and 77805?
13
Calculate the highest common factor of 19820 and 100.
20
Calculate the highest common factor of 1522 and 1.
1
What is the highest common divisor of 1958 and 11?
11
What is the greatest common factor of 216 and 54?
54
What is the highest common factor of 87 and 58?
29
What is the highest common divisor of 90 and 2610?
90
Calculate the highest common divisor of 28 and 770.
14
What is the highest common divisor of 598 and 26?
26
What is the greatest common divisor of 1957 and 1751?
103
What is the greatest common factor of 50940 and 180?
180
Calculate the highest common divisor of 5481 and 14.
7
What is the greatest common divisor of 29 and 928?
29
What is the highest common factor of 1989 and 234?
117
Calculate the greatest common divisor of 948 and 18.
6
What is the greatest common factor of 650 and 100?
50
What is the highest common divisor of 416 and 26?
26
What is the highest common factor of 2985 and 15?
15
What is the greatest common divisor of 4851 and 99?
99
Calculate the greatest common divisor of 154 and 77.
77
Calculate the highest common divisor of 275 and 440.
55
Calculate the highest common factor of 370 and 10.
10
Calculate the highest common divisor of 160 and 32.
32
What is the highest common divisor of 146 and 8468?
146
What is the greatest common factor of 51 and 68?
17
What is the highest common divisor of 23 and 33097?
23
Calculate the highest common factor of 4640 and 145.
145
Calculate the highest common factor of 354 and 118.
118
Calculate the highest common factor of 9 and 24.
3
Calculate the highest common divisor of 75 and 50.
25
Calculate the highest common factor of 1177 and 1498.
107
What is the greatest common factor of 325 and 100?
25
What is the highest common divisor of 1665 and 592?
37
Calculate the greatest common factor of 256 and 72.
8
What is the highest common divisor of 22 and 2849?
11
What is the greatest common factor of 2560 and 10?
10
What is the greatest common divisor of 22 and 5137?
11
What is the greatest common factor of 6859 and 323?
19
What is the greatest common factor of 460 and 120?
20
What is the greatest common factor of 190 and 5?
5
Calculate the greatest common divisor of 830 and 40.
10
What is the highest common factor of 47 and 59267?
47
What is the highest common divisor of 1159 and 2223?
19
What is the greatest common factor of 92 and 1978?
46
What is the greatest common factor of 216 and 144?
72
What is the greatest common divisor of 42 and 1071?
21
What is the highest common divisor of 306 and 2?
2
Calculate the greatest common factor of 42 and 294.
42
Calculate the highest common divisor of 3 and 270.
3
What is the highest common factor of 86 and 1333?
43
What is the highest common divisor of 150 and 1725?
75
What is the greatest common divisor of 179 and 21659?
179
Calculate the greatest common factor of 835 and 5.
5
What is the highest common factor of 527 and 465?
31
Calculate the highest common factor of 6321 and 129.
129
Calculate the greatest common factor of 87 and 1073.
29
What is the highest common divisor of 10686 and 6?
6
What is the greatest common divisor of 44 and 7568?
44
What is the greatest common divisor of 74 and 8399?
37
What is the greatest common divisor of 2546 and 152?
38
Calculate the greatest common divisor of 240 and 510.
30
What is the greatest common divisor of 89 and 3382?
89
What is the greatest common factor of 636 and 12?
12
What is the greatest common factor of 35 and 40355?
35
What is the greatest common divisor of 1372 and 28?
28
Calculate the highest common divisor of 8 and 10.
2
Calculate the greatest common divisor of 5548 and 76.
76
What is the greatest common divisor of 256 and 16?
16
What is the greatest common factor of 989 and 86?
43
Calculate the highest common factor of 10 and 2885.
5
What is the highest common factor of 13 and 5096?
13
What is the greatest common factor of 23 and 5704?
23
Calculate the highest common divisor of 552 and 345.
69
Calculate the highest common divisor of 3510 and 54.
54
What is the highest common divisor of 84 and 10752?
84
What is the highest common factor of 246 and 533?
41
What is the greatest common factor of 388 and 97?
97
What is the greatest common factor of 6523 and 11?
11
Calculate the highest common divisor of 5674 and 2.
2
What is the highest common factor of 60 and 18660?
60
Calculate the greatest common divisor of 145 and 19865.
145
What is the highest common divisor of 5 and 160?
5
Calculate the highest common factor of 528 and 2328.
24
What is the greatest common factor of 8908 and 68?
68
What is the greatest common factor of 306 and 68?
34
What is the highest common factor of 2365 and 602?
43
What is the highest common divisor of 4675 and 561?
187
Calculate the highest common factor of 22 and 7271.
11
What is the highest common divisor of 92 and 1449?
23
Calculate the greatest common divisor of 407 and 22.
11
What is the greatest common factor of 714 and 56?
14
What is the greatest common factor of 605 and 10?
5
Calculate the greatest common divisor of 54 and 3294.
54
What is the greatest common facto